{"id":380,"date":"2015-11-02T00:06:33","date_gmt":"2015-11-01T23:06:33","guid":{"rendered":"http:\/\/www.fokusantiatom.ch\/?page_id=380"},"modified":"2018-12-15T23:15:32","modified_gmt":"2018-12-15T22:15:32","slug":"sellafield-gb","status":"publish","type":"page","link":"https:\/\/www.fokusantiatom.ch\/?page_id=380","title":{"rendered":"Sellafield (GB)"},"content":{"rendered":"\n<div class=\"wp-block-image\"><figure class=\"alignleft\"><a href=\"http:\/\/www.fokusantiatom.ch\/wp-content\/uploads\/2015\/11\/Sellafield2.jpg\"><img loading=\"lazy\" decoding=\"async\" width=\"280\" height=\"232\" src=\"http:\/\/www.fokusantiatom.ch\/wp-content\/uploads\/2015\/11\/Sellafield2.jpg\" alt=\"Sellafield2\" class=\"wp-image-382\"\/><\/a><\/figure><\/div>\n\n\n\n<p class=\"WText\">Das Atomzentrum Sellafield (fr\u00fcher Windscale) an der Nordwestk\u00fcste Englands ist neben dem franz\u00f6sischen La Hague die gr\u00f6sste Wiederaufarbeitungsanlage f\u00fcr Atombrennst\u00e4be in Europa. Auch die Schweiz lieferte abgebrannte Brennelemente nach Sellafield GB und La Hague F.<\/p>\n\n\n\n<p class=\"WText\">Sellafield geh\u00f6rt zu den \u00e4ltesten nuklearen Anlagen der Welt. Die nordenglische Anlage wird seit ihrem ersten Tag von schlechten Nachrichten verfolgt. Sogar den Namen verdankt sie einem Zwischenfall. Urspr\u00fcnglich hatte die Fabrik &#8222;Windscale&#8220; geheissen und ausser Strom auch Material f\u00fcr britische Atombomben produziert. Im Oktober 1957 platzte eine Leitung, und die Region erlebte ihren ersten radioaktiven Regen. Um die Erinnerung zu tilgen, hat man die Anlage flugs umbenannt.<\/p>\n\n\n\n<p>Eine Reihe von Defekten und Sicherheitspannen hat den Ruf der Anlage seither ebenfalls nicht gebessert. Ende der neunziger Jahre hatten deutsche und japanische Zulieferer den Gesch\u00e4ftsverkehr deshalb einmal abbrechen m\u00fcssen. Demn\u00e4chst soll die Anlage schrittweise ausgemustert werden.<br>\n<\/p>\n\n\n\n<table class=\"wp-block-table\"><tbody><tr><td>Sellafield \/ Windscale<\/td><td>Advanced Gas-cooled Reactor AGR<\/td><\/tr><tr><td>Inbetriebnahme<\/td><td>1958<\/td><\/tr><tr><td>Leistung<\/td><td>32 MW<\/td><\/tr><\/tbody><\/table>\n\n\n\n<hr class=\"wp-block-separator\"\/>\n\n\n\n<h3 class=\"WText wp-block-heading\"><span class=\"WSubtitle\">Schwerster Atomunfall in Grossbritannien seit \u00fcber zehn Jahren<\/span><\/h3>\n\n\n\n<p class=\"WText\"><a href=\"http:\/\/www.spiegel.de\/politik\/ausland\/0,1518,358108,00.html\">2005 Mai,<\/a> In der britischen Wiederaufarbeitungsanlage Sellafield hat sich nach Presseberichten der schwerste Atomunfall in Grossbritannien seit mehr als zehn Jahren ereignet. Durch ein Leck in einer defekten Leitung seien \u00fcber mehrere Monate hinweg unbemerkt gut 83&nbsp;000 Liter hoch radioaktiver Fl\u00fcssigkeit ausgetreten, berichtete die britische Zeitung &#8222;Independent on Sunday&#8220;. Der Unfall sei auf eine Verkettung &#8222;technischen und menschlichen Versagens&#8220; zur\u00fcckzuf\u00fchren.Die Betreibergesellschaft British Nuclear Group habe einger\u00e4umt, dass Angestellte m\u00f6glicherweise schon seit August vergangenen Jahres Anzeichen f\u00fcr das Leck \u00fcbersehen h\u00e4tten, berichtete die Zeitung.Der Defekt sei erst Mitte April bemerkt worden. Die Firma habe daraufhin mit einer Untersuchung des gesamten Leitungssystems begonnen.Britische Tageszeitungen hatten bereits Anfang Mai \u00fcber einen Unfall in Sellafield berichtet. Demnach hiess es, ein Teil der Anlage sei stillgelegt worden. Die Betreibergesellschaft British Nuclear Group teilte in der Folge mit, f\u00fcr Menschen und Umwelt bestehe keine Gefahr.Auf ihrer siebenstufigen Skala f\u00fcr Atomunf\u00e4lle habe die Internationale Atomenergiebeh\u00f6rde (IAEA) den Vorfall auf Rang drei eingestuft, berichtete nun der &#8222;Independent on Sunday&#8220;. Den letzten Vorfall dieser Kategorie gab es in Grossbritannien im Jahr 1992.Nach Einsch\u00e4tzung des &#8222;Independent on Sunday&#8220; k\u00f6nnte der Vorfall von Sellafield Pl\u00e4ne der Regierung und der Energiebranche zum Bau neuer Atomkraftwerke in Grossbritannien behindern.<\/p>\n\n\n\n<hr class=\"wp-block-separator\"\/>\n\n\n\n<h3 class=\"wp-block-heading\"><span class=\"WSubtitle\">Links<\/span><\/h3>\n\n\n\n<table class=\"wp-block-table is-style-stripes\"><tbody><tr><td><a class=\"WLink\" href=\"http:\/\/www.stopsellafield.com\/\">www.StopSellafield com<\/a><\/td><\/tr><tr><td><a href=\"http:\/\/de.wikipedia.org\/wiki\/Sellafield\">Das Internet-Lexikon zu &#8222;Sellafield&#8220;<\/a><\/td><\/tr><tr><td><a href=\"http:\/\/www.sellafieldsites.com\/\">Die Seite der Anlagenbetreiber<\/a><\/td><\/tr><tr><td><a href=\"http:\/\/news.independent.co.uk\/\">Suche hier nach &#8222;sellafield&#8220; oder &#8222;nuclear power&#8220;<\/a><\/td><\/tr><tr><td><a class=\"WLink\" href=\"http:\/\/www.lakestay.co.uk\/1957.htm\">The 1957 Windscale fire<\/a><\/td><\/tr><tr><td><a class=\"WLink\" href=\"http:\/\/de.wikipedia.org\/wiki\/Windscale-Brand\">1957 Windscale Brand<\/a><\/td><\/tr><tr><td><a class=\"WLink\" href=\"http:\/\/www.youtube.com\/watch?v=F0_6V-5BGSs\">YouTube WAA Sellafield<\/a><\/td><\/tr><tr><td><a href=\"http:\/\/www.youtube.com\/watch?v=ObfELE5SXpY\">Sellafield &#8211; The Nuclear Story<\/a><\/td><\/tr><tr><td><a href=\"http:\/\/sciencev1.orf.at\/science\/news\/149704\">Atomunfall von Sellafield: Folgen wurden untersch\u00e4tzt<\/a>\u00a0 \u00a0 \u00a0 \u00a0 \u00a0 \u00a0 ORF.at\u00a0<\/td><\/tr><tr><td><a href=\"http:\/\/www.stopsellafield.com\/page\/video\/47\/\">Sellafield Videos<\/a><\/td><\/tr><\/tbody><\/table>\n","protected":false},"excerpt":{"rendered":"<p>Das Atomzentrum Sellafield (fr\u00fcher Windscale) an der Nordwestk\u00fcste Englands ist<\/p>\n","protected":false},"author":1,"featured_media":0,"parent":350,"menu_order":0,"comment_status":"closed","ping_status":"closed","template":"","meta":{"footnotes":""},"class_list":["post-380","page","type-page","status-publish","hentry"],"_links":{"self":[{"href":"https:\/\/www.fokusantiatom.ch\/index.php?rest_route=\/wp\/v2\/pages\/380","targetHints":{"allow":["GET"]}}],"collection":[{"href":"https:\/\/www.fokusantiatom.ch\/index.php?rest_route=\/wp\/v2\/pages"}],"about":[{"href":"https:\/\/www.fokusantiatom.ch\/index.php?rest_route=\/wp\/v2\/types\/page"}],"author":[{"embeddable":true,"href":"https:\/\/www.fokusantiatom.ch\/index.php?rest_route=\/wp\/v2\/users\/1"}],"replies":[{"embeddable":true,"href":"https:\/\/www.fokusantiatom.ch\/index.php?rest_route=%2Fwp%2Fv2%2Fcomments&post=380"}],"version-history":[{"count":5,"href":"https:\/\/www.fokusantiatom.ch\/index.php?rest_route=\/wp\/v2\/pages\/380\/revisions"}],"predecessor-version":[{"id":1251,"href":"https:\/\/www.fokusantiatom.ch\/index.php?rest_route=\/wp\/v2\/pages\/380\/revisions\/1251"}],"up":[{"embeddable":true,"href":"https:\/\/www.fokusantiatom.ch\/index.php?rest_route=\/wp\/v2\/pages\/350"}],"wp:attachment":[{"href":"https:\/\/www.fokusantiatom.ch\/index.php?rest_route=%2Fwp%2Fv2%2Fmedia&parent=380"}],"curies":[{"name":"wp","href":"https:\/\/api.w.org\/{rel}","templated":true}]}}