{"id":67,"date":"2015-10-30T21:34:50","date_gmt":"2015-10-30T20:34:50","guid":{"rendered":"http:\/\/www.fokusantiatom.ch\/?page_id=67"},"modified":"2025-09-30T20:25:52","modified_gmt":"2025-09-30T18:25:52","slug":"fokus-antiatom","status":"publish","type":"page","link":"https:\/\/www.fokusantiatom.ch\/?page_id=67","title":{"rendered":"Fokus Anti-Atom"},"content":{"rendered":"\n<p>Der Verein \u201eFokus Anti-Atom\u201c im Sinne von Art. 60 ff ZGB hat seinen Sitz in Bern.  Fokus Anti-Atom unterst\u00fctzt mit allen ihm zur Verf\u00fcgung stehenden politischen, materiellen, rechtlichen und gewaltfreien Mitteln den Kampf f\u00fcr das Abschalten der Atomkraftwerke und die kritische Begleitung anderer Atomanlagen.<\/p>\n\n\n\n<p>Fokus Anti-Atom sammelt und\nerarbeitet Hintergrundinformationen und macht diese der \u00d6ffentlichkeit\nzug\u00e4nglich.&nbsp;Offene Plattformen erm\u00f6glichen Interessierten, PolitikerInnen\nund den Medien \u2013 und auch den AKW-Bef\u00fcrworterInnen \u2013 den Zugang zu\nAnti-Atom-Themen.<\/p>\n\n\n\n<p><strong>Fokus Anti-Atom \/AM\u00fcs \u00a6&nbsp;<\/strong>Postfach \u00a6&nbsp;3001 Bern<\/p>\n\n\n\n<p>Homepage: <a href=\"http:\/\/www.fokusantiatom.ch\/\">www.fokusantiatom.ch<\/a>&nbsp;\u00a6&nbsp;E-Mail: <a href=\"&#109;&#x61;i&#x6c;&#x74;&#111;&#x3a;f&#x6f;&#x6b;&#117;&#x73;a&#x6e;&#x74;&#105;&#x61;t&#x6f;&#x6d;&#64;&#x66;o&#x6b;&#x75;&#115;&#x61;n&#x74;&#x69;&#97;&#x74;o&#x6d;&#x2e;&#99;&#x68;\">&#x66;&#x6f;ku&#x73;&#x61;&#110;ti&#x61;&#x74;om&#x40;&#x66;&#111;ku&#x73;&#x61;nt&#x69;&#x61;&#116;om&#x2e;&#x63;&#104;<\/a><\/p>\n\n\n\n<div class=\"wp-block-buttons is-content-justification-center is-layout-flex wp-container-core-buttons-is-layout-16018d1d wp-block-buttons-is-layout-flex\">\n<div class=\"wp-block-button\"><a class=\"wp-block-button__link wp-element-button\" href=\"http:\/\/www.fokusantiatom.ch\/wp-content\/uploads\/2019\/08\/Statuten_Fokus-Anti-Atom_2019_08_13.pdf\" target=\"_blank\" rel=\"noreferrer noopener\">Download Statuten Fokus Anti-Atom<\/a><\/div>\n<\/div>\n\n\n\n<figure class=\"wp-block-table\"><table><tbody><tr><td><strong>Vorstand Fokus Anti-Atom<\/strong><\/td><td><strong>Funktion<\/strong><\/td><\/tr><tr><td>J\u00fcrg Joss<\/td><td>Pr\u00e4sident<\/td><\/tr><tr><td> Erwin Weiss <\/td><td>Beisitz<\/td><\/tr><tr><td>Marco B\u00e4hler<\/td><td>Beisitz<\/td><\/tr><tr><td>Markus Zimmermann <\/td><td>Kassier<\/td><\/tr><tr><td>Marcel W\u00fcthrich<\/td><td>Beisitz<\/td><\/tr><tr><td>Abrakadabra Treuhand, Langnau<\/td><td>Revisor<\/td><\/tr><\/tbody><\/table><figcaption class=\"wp-element-caption\">Vorstand Fokus Anti-Atom<\/figcaption><\/figure>\n\n\n\n<figure class=\"wp-block-image\"><img loading=\"lazy\" decoding=\"async\" width=\"967\" height=\"334\" src=\"http:\/\/www.fokusantiatom.ch\/wp-content\/uploads\/2015\/10\/FokusAntiAtomLogo.jpg\" alt=\"\" class=\"wp-image-105\" srcset=\"https:\/\/www.fokusantiatom.ch\/wp-content\/uploads\/2015\/10\/FokusAntiAtomLogo.jpg 967w, https:\/\/www.fokusantiatom.ch\/wp-content\/uploads\/2015\/10\/FokusAntiAtomLogo-300x104.jpg 300w\" sizes=\"auto, (max-width: 967px) 100vw, 967px\" \/><figcaption class=\"wp-element-caption\">Logo Fokus Anti-Atom,145kB, 967 x 334px<\/figcaption><\/figure>\n\n\n\n<p><\/p>\n","protected":false},"excerpt":{"rendered":"<p>Der Verein \u201eFokus Anti-Atom\u201c im Sinne von Art. 60 ff<\/p>\n","protected":false},"author":1,"featured_media":0,"parent":0,"menu_order":0,"comment_status":"closed","ping_status":"closed","template":"","meta":{"footnotes":""},"class_list":["post-67","page","type-page","status-publish","hentry"],"_links":{"self":[{"href":"https:\/\/www.fokusantiatom.ch\/index.php?rest_route=\/wp\/v2\/pages\/67","targetHints":{"allow":["GET"]}}],"collection":[{"href":"https:\/\/www.fokusantiatom.ch\/index.php?rest_route=\/wp\/v2\/pages"}],"about":[{"href":"https:\/\/www.fokusantiatom.ch\/index.php?rest_route=\/wp\/v2\/types\/page"}],"author":[{"embeddable":true,"href":"https:\/\/www.fokusantiatom.ch\/index.php?rest_route=\/wp\/v2\/users\/1"}],"replies":[{"embeddable":true,"href":"https:\/\/www.fokusantiatom.ch\/index.php?rest_route=%2Fwp%2Fv2%2Fcomments&post=67"}],"version-history":[{"count":22,"href":"https:\/\/www.fokusantiatom.ch\/index.php?rest_route=\/wp\/v2\/pages\/67\/revisions"}],"predecessor-version":[{"id":2887,"href":"https:\/\/www.fokusantiatom.ch\/index.php?rest_route=\/wp\/v2\/pages\/67\/revisions\/2887"}],"wp:attachment":[{"href":"https:\/\/www.fokusantiatom.ch\/index.php?rest_route=%2Fwp%2Fv2%2Fmedia&parent=67"}],"curies":[{"name":"wp","href":"https:\/\/api.w.org\/{rel}","templated":true}]}}

<p>Der Verein „Fokus Anti-Atom“ im Sinne von Art. 60 ff ZGB hat seinen Sitz in Bern.  Fokus Anti-Atom unterstützt mit allen ihm zur Verfügung stehenden politischen, materiellen, rechtlichen und gewaltfreien Mitteln den Kampf für das Abschalten der Atomkraftwerke und die kritische Begleitung anderer Atomanlagen.</p>



<p>Fokus Anti-Atom sammelt und
erarbeitet Hintergrundinformationen und macht diese der Öffentlichkeit
zugänglich.&nbsp;Offene Plattformen ermöglichen Interessierten, PolitikerInnen
und den Medien – und auch den AKW-BefürworterInnen – den Zugang zu
Anti-Atom-Themen.</p>



<p><strong>Fokus Anti-Atom /AMüs ¦&nbsp;</strong>Postfach ¦&nbsp;3001 Bern</p>



<p>Homepage: <a href="http://www.fokusantiatom.ch/">www.fokusantiatom.ch</a>&nbsp;¦&nbsp;E-Mail: <a href="&#109;&#x61;i&#x6c;&#x74;&#111;&#x3a;f&#x6f;&#x6b;&#117;&#x73;a&#x6e;&#x74;&#105;&#x61;t&#x6f;&#x6d;&#64;&#x66;o&#x6b;&#x75;&#115;&#x61;n&#x74;&#x69;&#97;&#x74;o&#x6d;&#x2e;&#99;&#x68;">&#x66;&#x6f;ku&#x73;&#x61;&#110;ti&#x61;&#x74;om&#x40;&#x66;&#111;ku&#x73;&#x61;nt&#x69;&#x61;&#116;om&#x2e;&#x63;&#104;</a></p>



<div class="wp-block-buttons is-content-justification-center is-layout-flex wp-container-core-buttons-is-layout-16018d1d wp-block-buttons-is-layout-flex">
<div class="wp-block-button"><a class="wp-block-button__link wp-element-button" href="http://www.fokusantiatom.ch/wp-content/uploads/2019/08/Statuten_Fokus-Anti-Atom_2019_08_13.pdf" target="_blank" rel="noreferrer noopener">Download Statuten Fokus Anti-Atom</a></div>
</div>



<figure class="wp-block-table"><table><tbody><tr><td><strong>Vorstand Fokus Anti-Atom</strong></td><td><strong>Funktion</strong></td></tr><tr><td>Jürg Joss</td><td>Präsident</td></tr><tr><td> Erwin Weiss </td><td>Beisitz</td></tr><tr><td>Marco Bähler</td><td>Beisitz</td></tr><tr><td>Markus Zimmermann </td><td>Kassier</td></tr><tr><td>Marcel Wüthrich</td><td>Beisitz</td></tr><tr><td>Abrakadabra Treuhand, Langnau</td><td>Revisor</td></tr></tbody></table><figcaption class="wp-element-caption">Vorstand Fokus Anti-Atom</figcaption></figure>



<figure class="wp-block-image"><img loading="lazy" decoding="async" width="967" height="334" src="http://www.fokusantiatom.ch/wp-content/uploads/2015/10/FokusAntiAtomLogo.jpg" alt="" class="wp-image-105" srcset="https://www.fokusantiatom.ch/wp-content/uploads/2015/10/FokusAntiAtomLogo.jpg 967w, https://www.fokusantiatom.ch/wp-content/uploads/2015/10/FokusAntiAtomLogo-300x104.jpg 300w" sizes="auto, (max-width: 967px) 100vw, 967px" /><figcaption class="wp-element-caption">Logo Fokus Anti-Atom,145kB, 967 x 334px</figcaption></figure>



<p></p>
